?
109
Let k = -343 - -717. What are the prime factors of k?
2, 11, 17
Let n be ((-28)/49)/(2/(-14)). Suppose -4*j = u - 0*u - 73, 4*j = n. List the prime factors of u.
3, 23
Let q be (-14)/(-4) - (-10)/20. Let s = q + -2. What are the prime factors of (-3)/(-1) + -3 + s?
2
Let d = 46 - 42. Suppose -d = -i + 12. What are the prime factors of i?
2
Let w(g) be the third derivative of 11*g**5/60 - g**4/8 + g**3/3 - 10*g**2. List the prime factors of w(1).
2, 5
Suppose 2*o + 42 = 4*o. Let k(m) = 2*m - 16. Let i be k(5). What are the prime factors of 20/i*o/(-2)?
5, 7
Suppose 11*y + 5 = 6*y. Let q be (-4)/(-3 + y)*0. Suppose 5*m + 225 = 4*b + 2*m, q = -3*b - 4*m + 150. What are the prime factors of b?
2, 3
Suppose 2*q + 412 = 2*i + 6*q, 10 = 2*q. Suppose u + 4 = 2*u. Suppose -4*k = -u*d - i, k + 2*k - 117 = -3*d. List the prime factors of k.
2, 11
Suppose u + 0*u + 5*f - 3 = 0, 3*u = 5*f + 9. Suppose u*l - 49 = 53. List the prime factors of l.
2, 17
Let x be -1*((-2 - 0) + 3). Let i = x - 0. Let b(y) = -14*y**3 + 2*y**2 + y. List the prime factors of b(i).
3, 5
Let g(u) = 5*u + 1. Let v(p) = p. Let m(y) = g(y) - 6*v(y). Let b be m(1). Suppose b = 6*o - o - 110. What are the prime factors of o?
2, 11
Let l(p) = 4*p**3. Let q be l(1). Suppose -q*j = -9 + 1. List the prime factors of j + (-22)/(-3)*6.
2, 23
Suppose 9298 = 57*o - 72098. What are the prime factors of o?
2, 3, 7, 17
Let c(f) = -86*f**3 + 4*f**2 + 21*f + 34. List the prime factors of c(-3).
17, 137
Let v be 1 + 154/(6/3). Suppose s - v + 22 = 0. Let a = -19 + s. What are the prime factors of a?
37
Let p = 2776 + -609. What are the prime factors of p?
11, 197
Let b(h) = -h - 1. Let d be b(-7). Let m(s) = s**3 - 4*s**2 + 9*s - 26. List the prime factors of m(d).
2, 5
Let u be (-3 - (-2 - 1))*1. Suppose 5*n + l - 23 = u, -18 = 2*n - 6*n - l. List the prime factors of n.
5
Let r(o) = 71*o**2 + 5*o - 6. What are the prime factors of r(1)?
2, 5, 7
Let r be (2*3/(-6))/(-1). What are the prime factors of 130 + 1/((-1)/r)?
3, 43
Let q = -28 + 31. Suppose -66 = -n + 3*i, 3*n - 2*n - 96 = -q*i. List the prime factors of n.
3
List the prime factors of (-6)/27 - (-34220)/90.
2, 5, 19
Let g(p) = 2*p**2 - 2*p + 2. Let z be (-21)/6*(-2 - -4). List the prime factors of g(z).
2, 3, 19
Let h = 21 - -5. Let x = -22 + h. Suppose 3*n = -5*v + 22, v - 3*n = -x - 6. List the prime factors of v.
2
Let o = 11 + -11. Let y = 161 + -96. Suppose -y = -o*i - 5*i. What are the prime factors of i?
13
Let l = 69 + 3907. List the prime factors of l.
2, 7, 71
List the prime factors of (10/(-6))/((-10)/2556).
2, 3, 71
Let i be 0 + 3 - (8 + -7). Let z be -3*i*3/9. Let g = 16 - z. List the prime factors of g.
2, 3
Suppose -3*q + 110 = 4*o, 0 = -3*o - o + 3*q + 122. Let m = o - 10. List the prime factors of m/2*2/1.
19
Suppose 10*r = 9*r - 3. What are the prime factors of 152/12*(0 - r)?
2, 19
Let j = 1681 - 1116. What are the prime factors of j?
5, 113
Let g(u) = -u**2 + 9*u - 11. Let n be g(7). Suppose y - 258 = -n*h + 6*y, 3*y - 9 = 0. List the prime factors of h.
7, 13
Let f(d) = d**3 + 2*d**2 - 1. Let j be f(1). Let l = 2 - j. Suppose -4*v - 3*t + 4*t + 135 = l, v = -4*t + 38. List the prime factors of v.
2, 17
Suppose 29 = 3*d - 4*f, d + 0*f + 12 = -3*f. Let q = 5 - d. Suppose q*m = 5*m - 9. What are the prime factors of m?
3
Suppose -5*n + 749 = 199. Let h = 161 - n. Suppose 0 = -4*r + h + 53. What are the prime factors of r?
2, 13
Suppose -4*f + 50 = -5*q, 5*f + 1 = 4*q + 68. List the prime factors of (2 - (4 - -1))/(f/(-205)).
41
Let j(n) = n**2 + 2. Let f be j(0). Suppose -3*c = -0*m - m - 335, f*m + 4 = 0. What are the prime factors of c?
3, 37
Let z = -1996 - -3888. What are the prime factors of z?
2, 11, 43
Let f(c) = -39*c**2 + 4*c - 1. Let k be f(3). Let v be (-1)/(k/168 - -2). Let u = 78 - v. What are the prime factors of u?
2, 3
Suppose 4*n + n = 5*p, 3*n + 5*p = 0. Suppose n = 3*j - 50 + 230. Let y = j - -84. List the prime factors of y.
2, 3
Let a be (0 + 0)/(0 + -1). Suppose a = -o + 17 + 2. Suppose -b + 0*b = -o. What are the prime factors of b?
19
Suppose 3*y - 4*n = 127, 11 = y - n - 30. What are the prime factors of y?
37
Let w(q) = -q - 1. Let t be w(-1). Suppose 0 = k - 2*m - 85, t*m = k - m - 88. What are the prime factors of k?
7, 13
Let p(l) = 6*l + 2. Suppose 0 = -m - 1, 5*x - m + 34 = -0*m. Let i be p(x). Let s = i + 69. List the prime factors of s.
29
Suppose -4*a - q - 1326 + 18183 = 0, 4*q = -4*a + 16848. List the prime factors of a.
3, 5, 281
Suppose -7058 = -9*d + 19762. What are the prime factors of d?
2, 5, 149
Let q be (0 + 1)/(5/145). Let t = q + -24. Suppose 3*g = 3*i + 8*g - 185, 296 = t*i - 4*g. What are the prime factors of i?
2, 3, 5
Let w = 468 - 144. List the prime factors of w.
2, 3
What are the prime factors of 18/(-12)*(-3)/((-18)/(-1784))?
2, 223
What are the prime factors of -8 + 2 + (387 - -7)?
2, 97
Let y be -1*87*(-45)/27. Suppose 2*f + 2*p - 11 = 89, 2*p = -3*f + y. List the prime factors of ((-32)/(-6))/(6/f).
2, 5
Let h = 71 - 46. Let c = h - 7. Suppose 0*m = -3*m + c. What are the prime factors of m?
2, 3
Let h(v) = 33*v**2 + 4*v - 17. What are the prime factors of h(8)?
3, 709
Suppose 0 = -28*h - 56*h + 81564. What are the prime factors of h?
971
Let u = -535 + 861. List the prime factors of u.
2, 163
Suppose -z - 2*p + 3 = -12, 5*z = 2*p + 27. Let n be (4 - z)*5/(-3). Suppose 0*l - 370 = -n*l. What are the prime factors of l?
2, 37
Suppose 3*p - 20*p + p = 0. Let i = 206 - p. List the prime factors of i.
2, 103
Let p(o) = -67*o + 208. What are the prime factors of p(2)?
2, 37
Suppose -o - 5 = 3*y, -2*o + 6*y + 17 = 3*y. List the prime factors of o.
2
Suppose -13*o = 882 - 3404. List the prime factors of o.
2, 97
Let x = 132 - 130. Let n(k) = 64*k**2 - 2*k + 1. List the prime factors of n(x).
11, 23
Let h be -8 - -12 - 1*-7. Suppose 193 = h*z - 49. What are the prime factors of z?
2, 11
Suppose 2305 = 4*u - 4599. What are the prime factors of u?
2, 863
Let f = 57 - 25. Suppose 0*x + x - f = 0. List the prime factors of x.
2
Let h(r) = -81*r - 4. Let d(q) = 1. Let b(c) = -3*d(c) - h(c). What are the prime factors of b(1)?
2, 41
What are the prime factors of 6036 + 0/(9 + -22)?
2, 3, 503
Suppose u + 1018 = 1687. What are the prime factors of u?
3, 223
Let r(q) = -84*q**3 + 21*q**2 + 12*q - 13. Let o(d) = 21*d**3 - 5*d**2 - 3*d + 3. Let c(t) = -9*o(t) - 2*r(t). List the prime factors of c(-2).
173
Let u be (-6)/4 + (-21)/2. Let g be ((-201)/u)/(6/24). Let f = -47 + g. What are the prime factors of f?
2, 5
Suppose -2*i - 5*v = -43, -5*i + v - 20 = -6*i. Suppose -4*m + i = r, -2*r = m - 7*r + 11. List the prime factors of 5/((-100)/(-245))*m.
7
Let c = 4314 + -2915. List the prime factors of c.
1399
Let n = 27 + 18. Suppose n = 3*w - 6*w. Let a = w + 64. What are the prime factors of a?
7
Suppose -1496 - 6520 = -12*y. List the prime factors of y.
2, 167
Suppose 2*r + 2*r - 3*q - 2212 = 0, 2*r = -2*q + 1120. Suppose -5*c + r = 4*t, 4*t - 2*c + 5*c - 564 = 0. What are the prime factors of t?
2, 3
Let s(g) = -g**3 + 3*g**2 + 2*g + 5. Let q be s(4). Let k = 6 + q. Suppose -k*v = 5*x - 88, 0*v + 5*v - 115 = -2*x. What are the prime factors of v?
3, 7
Let b = 979 - -877. List the prime factors of b.
2, 29
Let s = -729 - -1426. List the prime factors of s.
17, 41
Let b(h) = -43*h + 143. List the prime factors of b(-14).
5, 149
What are the prime factors of (-707 - -1)*(-6 - (-11)/2)?
353
Suppose -752 = -3*p - p. Suppose p = 2*s - 0*w - 2*w, -4*s + 340 = 5*w. List the prime factors of ((-12)/10)/((-12)/s).
3
Let u(d) = d - 13. Let n be u(11). Let a be (-28)/(-8) - n/(-4). Suppose 3*j + o = -o + 23, -j - a*o = -3. What are the prime factors of j?
3
Let n(v) = 114*v**2 + 20*v - 69. List the prime factors of n(3).
3, 113
Let p be (438/18)/(-2*2/(-12)). Suppose -p*s + 71*s + 330 = 0. What are the prime factors of s?
3, 5, 11
Suppose -4*u + 5*l + 5253 = 5*u, u - 594 = 4*l. List the prime factors of u.
2, 3, 97
Let c be (-287)/(-15) + (-12)/90. Let i = -10 + c. Let n = 13 + i. List the prime factors of n.
2, 11
Suppose -454 = 5*v + 2*t, v + 3*t + 27 = -56. What are the prime factors of -3 - -21*1/((-12)/v)?
2, 79
Let l(b) = -6*b**3 - 8*b**2 - 2*b - 8. List the prime factors of l(-6)